 - 12336. What are the prime factors of h?
2, 257
Suppose -y = -2*y + 1. Let h be 172*((-6)/8 + y). Suppose 2*g - l - 13 = h, -5*g + 114 = 4*l. What are the prime factors of g?
2, 13
Let g(v) = 96*v - 26. List the prime factors of g(4).
2, 179
Let d(z) = -z**2 + 9*z + 11. Suppose -106 = 5*q + 3*f, -32 = 2*q + 3*f + 14. Let k = 29 + q. List the prime factors of d(k).
11
Suppose 6*f - f - 60 = -4*m, -2*m + 2 = -f. Suppose 0 = -f*k + 5*k + 135. What are the prime factors of k?
3, 5
Let d(u) = -u**2 + 15*u - 14. Let z be d(13). Suppose 10 = -5*j + 2*v - 7*v, 0 = -j - 3*v - z. What are the prime factors of j?
3
Let i(l) = l + 3. Let w be i(-7). Let j(v) = -v**2 - 9*v + 3. Let a be j(w). Suppose 0 = p + 3*n - a, 5*p + 0*p - 154 = -2*n. List the prime factors of p.
2
Suppose 5*i - 4*t - 8035 = -3*t, -2*t = -4*i + 6428. List the prime factors of i.
1607
Suppose 3*k - 1224 - 1539 = 0. What are the prime factors of k?
3, 307
Let i be (-107)/(-7) - 18/63. Suppose 3*p = -2*p + i. Suppose -200 = -3*r - b, -5*r + p*b + 281 = -29. List the prime factors of r.
5, 13
Suppose -h = 4*h + 35. Let l = h - -24. List the prime factors of l.
17
Suppose -2*u - 2*u + 48 = 0. Let w be (-18 + 5)*-2 - (0 - 1). Let k = w - u. What are the prime factors of k?
3, 5
Suppose -3*k + 3408 = -3*b, 2*b - 759 = -k + 371. What are the prime factors of k?
2, 3, 7
Let o = -10 + 19. Suppose o = 6*i - 3*i. Suppose 3*q = -0*q + j + 34, i*j - 28 = -q. What are the prime factors of q?
13
Suppose -w + 10 = -3*h, -4*h = h + 5. Suppose 3*k - 2 = w. Suppose 5*t = 0, 0*l + k*l + 5*t = 12. List the prime factors of l.
2
Let m(l) = 3*l**2 + 2 + 8 + 3*l - 9*l - 4. What are the prime factors of m(5)?
3, 17
Suppose 0 = 2*y - 5*p - 344, 13*y - 12*y = -4*p + 198. List the prime factors of y.
2, 7, 13
Let r = 105 - 78. List the prime factors of r.
3
Let y = 1519 + 1756. List the prime factors of y.
5, 131
Suppose 5*w - 13 = 197. Suppose -2*o + w = 3*s + 12, -5*o + 57 = 3*s. List the prime factors of o.
3
Let m be -9*-2*(-2)/4. Let l = -6 - m. Suppose l*v - 5*v = -30. List the prime factors of v.
3, 5
Suppose -4*i - 240 = -4844. What are the prime factors of i?
1151
Suppose -268 = 3*t - 5*t. Let s = t - 75. What are the prime factors of s?
59
Let i(y) = -3*y**2 + 9*y - 8. Let k(j) = -1. Let n(m) = -i(m) - 2*k(m). What are the prime factors of n(6)?
2
Let b be (2/(-2))/(-2)*6. Let n(y) = -8*y + 30. Let p(q) = -17*q + 61. Let k(t) = b*p(t) - 7*n(t). List the prime factors of k(19).
2, 17
Let n = 14 - 26. Let v = n - -62. Suppose f = -4*f + v. List the prime factors of f.
2, 5
What are the prime factors of 36/(-4) - -136 - (1 - 2)?
2
Suppose -25*i = -27*i + 354. Suppose 4*m - f - 4*f = 185, 0 = 4*m + 3*f - i. What are the prime factors of m?
3, 5
Let c(b) = b + 4. Let t be c(-3). Let a be ((-306)/(-85))/(t/5). Let z = a - -5. List the prime factors of z.
23
Let z = 5244 - 3110. List the prime factors of z.
2, 11, 97
Suppose d - 2 = -6, 5*d - 992 = -2*x. What are the prime factors of x?
2, 11, 23
Suppose 3*q = q - 8. What are the prime factors of q + 251 - (-2 + 0)?
3, 83
Let s be 5 - 4 - (-1)/(-1). Suppose s*z + 20 = 5*z. What are the prime factors of ((-18)/z)/(-3)*10?
3, 5
Let h be (-4)/18 + 202/18. Suppose -7 = 2*k - h. Suppose -3*i + 92 = k*i + 4*s, 2*i - 50 = 5*s. What are the prime factors of i?
2, 5
Suppose 2*m - 707 - 107 = 0. What are the prime factors of m?
11, 37
Let j = -6 - -11. Suppose 41 = 3*n - j*a, 2*a + 46 = 4*n - 18. Let w = 43 - n. List the prime factors of w.
2, 13
Let a = 20 + -16. Suppose -4*f + 3*u + a = 0, -u + 2 = 2*f - 4*u. Suppose -6*x + 37 - f = 0. What are the prime factors of x?
2, 3
Let z(r) = r**2 - 9*r - 9. Let k be (-6)/4*(-180)/27. Let t be z(k). Suppose d = 9 + t. List the prime factors of d.
2, 5
What are the prime factors of (26/(-2))/((-12)/828)?
3, 13, 23
Let c = 183 - 344. Let d = c - -255. What are the prime factors of d?
2, 47
Let c(b) = 5 + 5*b + 1 + 14*b - 3*b. List the prime factors of c(3).
2, 3
Suppose 898 = m + a, -5*m - 1115 = -2*a - 5591. List the prime factors of m.
2, 7
Suppose 0 = 3*a - 7*a + 16. Let c(r) = r**3 - 2*r**2. List the prime factors of c(a).
2
Let m(o) = o**2 + 8*o - 20. Let n be m(-10). Suppose n = -x + 124 + 86. Suppose 6*k = -0*k + x. List the prime factors of k.
5, 7
List the prime factors of (337/1)/(63/126).
2, 337
Let i(g) = 3*g**2 + 21*g + 57. Let v be i(-15). Suppose 2*p - v - 15 = 0. List the prime factors of p.
2, 3
Let n = -365 - -438. List the prime factors of n.
73
Let u(y) = -87*y**3 - y**2 - 2*y - 1. Let z = 0 + -1. List the prime factors of u(z).
3, 29
Suppose 4*p = 3*p + 3. Suppose 3*x = 4*l - 46 + 247, -p*x + 201 = -3*l. List the prime factors of x.
67
Let z = -982 - -616. List the prime factors of z/(-9) + 5/15.
41
Suppose -23*o - 364 = -27*o. What are the prime factors of o?
7, 13
Let q(y) = y**3 - 6*y**2 - 3*y + 6. Let d be q(7). Let n be ((-24)/(-16))/(2/(-28)). Let x = n + d. What are the prime factors of x?
13
Suppose 5*z - 4 - 6 = 0. Suppose -6 = 2*p, 7*p - z*p - 43 = -a. List the prime factors of a.
2, 29
Let d = 248 + 4636. List the prime factors of d.
2, 3, 11, 37
Let w = 17 + -12. Suppose -3*l + 0 = i - 11, -w*l - 47 = -3*i. List the prime factors of i.
2, 7
Let p(r) = -112*r - 337. List the prime factors of p(-12).
19, 53
Let i(s) = -49*s - 33. List the prime factors of i(-23).
2, 547
Let k be (-44)/(-16)*-2*-38. Let n = -143 + k. Suppose j - n = -2*j. List the prime factors of j.
2, 11
Suppose -8*q + 27 = q. Suppose -3*x + 4*x = -4*d + 137, -4*d - q*x + 131 = 0. List the prime factors of d.
5, 7
List the prime factors of 2*(11608 + 2)/6.
2, 3, 5, 43
List the prime factors of (-69315)/(-75) + (-2)/10.
2, 3, 7, 11
Suppose 0 = 11*j - 10*j - 453. List the prime factors of j.
3, 151
Let h be 3/(17 + -20 - (-788)/262). Let t = h + -228. What are the prime factors of t?
3, 5, 11
Let o(i) = -1 + i**3 - 13 - 24*i + 33*i + 11*i**2. Let w be o(-10). Let k(j) = 2*j**2 + 5. What are the prime factors of k(w)?
37
Suppose 0 = 3*f + 15, 4*f - 596 = -4*o + 3*o. What are the prime factors of o?
2, 7, 11
Let x(q) = 42*q**2 - 29*q - 126. What are the prime factors of x(-5)?
1069
Let p(x) = -x**2 + 27*x - 79. List the prime factors of p(10).
7, 13
Suppose 0 = -49*j + 17332 + 44800. List the prime factors of j.
2, 317
Let q(a) = 2*a - 8. Let m be q(4). Suppose 0 = -m*d + d - 9. Suppose d*g - 4*g = -2*i - 1, 3*i - 15 = -2*g. What are the prime factors of i?
7
Let v(d) = -2*d - 14. Let a be v(-10). Let n(m) = -3*m + m + a*m**2 + 2 + m**3 + 1. List the prime factors of n(-6).
3, 5
Suppose -8*h + 2 + 30 = 0. Suppose h*z - 508 = 3*r, 508 = 4*z - r - 4*r. What are the prime factors of z?
127
Let j be (-1)/((14/4)/(-7)). Suppose 3*l + 15 = -3*d, -d = 3*d + j*l + 30. What are the prime factors of 6*(d/(-3) + 3)?
2, 19
Suppose -2*v = -4*r - 776, -5*v + 5*r + 374 = -1581. What are the prime factors of v?
2, 197
List the prime factors of (-108)/(-12) - (-1 + -1428).
2, 719
What are the prime factors of 29 - 33 - 248/(-2)?
2, 3, 5
Let x(k) = 336*k**2 - 2*k - 3. List the prime factors of x(-1).
5, 67
Let o be -2*3/8*-4*1. List the prime factors of -13*o/(-1) - (9 + -9).
3, 13
Suppose 1992 = 79*c - 71*c. What are the prime factors of c?
3, 83
Let c(n) = n**3 - 3*n**2 - 2*n - 3. Let b be c(4). Suppose -3*r = -b*r + 14. What are the prime factors of r?
7
Suppose -h = 5*v - 568, -4*h + 2*v = -3*v - 2397. List the prime factors of h.
593
Suppose 3*z - a = -0*z + 103, 2*a = z - 41. List the prime factors of z.
3, 11
What are the prime factors of (-1)/3*-274 + (-25)/(-15)?
3, 31
Let p(z) = -417*z - 234. Let f(g) = -32*g - 18. Let a(k) = 27*f(k) - 2*p(k). What are the prime factors of a(-4)?
2, 3, 17
Let h = 18 + -20. Let u(b) = -b**2 - b + 2. Let d be u(h). Suppose d*w - 4*w + 270 = -c, -5*w - 5*c = -325. What are the prime factors of w?
67
Let y be ((-1 + 1)/1)/2. Suppose 4*i = -3*w - 2*w + 228, y = -2*i + 4*w + 140. What are the prime factors of i?
2, 31
Suppose 4*q = -q + 115. Suppose 5*p = d - q, d = -3*d - 5*p - 8. List the prime factors of d.
3
Suppose 4*l - 8676 = 2*y, -4*l - 26 + 8688 = 5*y. What are the prime factors of l?
2, 271
Suppose -4*c + 1 = -t, 2*c + 7*t - 11 = 4*t. Suppose -4*k - 241 + 253 = 0. Let u = k + c. List the prime fac